{"id":2,"date":"2022-11-21T17:37:52","date_gmt":"2022-11-21T17:37:52","guid":{"rendered":"https:\/\/mtqtecnologia.com.br\/?page_id=2"},"modified":"2023-05-22T19:42:39","modified_gmt":"2023-05-22T19:42:39","slug":"sample-page","status":"publish","type":"page","link":"https:\/\/mtqtecnologia.com.br\/index.php\/sample-page\/","title":{"rendered":"A Empresa"},"content":{"rendered":"\n<p class=\"has-cyan-bluish-gray-background-color has-background\"><font style=\"vertical-align: inherit;\"><font style=\"vertical-align: inherit;\">A empresa <\/font><\/font>MTQ Laborat\u00f3rios Industriais e Instrumenta\u00e7\u00e3o Anal\u00edtica Ltda. possui 25 anos de atua\u00e7\u00e3o no mercado, sendo refer\u00eancia  no ramo da instrumenta\u00e7\u00e3o anal\u00edtica e na manuten\u00e7\u00e3o preventiva e corretiva de equipamentos laboratoriais industriais. <\/p>\n\n\n\n<div style=\"height:50px\" aria-hidden=\"true\" class=\"wp-block-spacer\"><\/div>\n\n\n\n<p class=\"has-large-font-size\"><strong>\u00c1rea de Atua\u00e7\u00e3o<\/strong><\/p>\n\n\n\n<p class=\"has-inter-font-family\"><strong>Presta\u00e7\u00e3o de Servi\u00e7os<\/strong><\/p>\n\n\n\n<p style=\"margin-top:0;margin-right:0;margin-bottom:0;margin-left:0;padding-top:0;padding-right:0;padding-bottom:0;padding-left:0\"><font style=\"vertical-align: inherit;\"><font style=\"vertical-align: inherit;\">Possu\u00edmos uma ampla gama de servi\u00e7os em nosso portf\u00f3lio e oferecemos ainda a possibilidade de formaliza\u00e7\u00e3o de um contrato de manuten\u00e7\u00e3o para maior preven\u00e7\u00e3o dos equipamentos e comodidades do nosso cliente. <\/font><\/font><br><font style=\"vertical-align: inherit;\"><font style=\"vertical-align: inherit;\">Trata-se de um contrato que prev\u00ea atendimento personalizado, abrangendo manuten\u00e7\u00f5es corretivas e preventivas de acordo com as necessidades de nossos clientes, garantindo assim um atendimento r\u00e1pido e perfeito funcionamento de seus equipamentos. <\/font><font style=\"vertical-align: inherit;\">Abaixo alguns de nossos clientes:<\/font><\/font><\/p>\n\n\n\n<div class=\"wp-block-group is-nowrap is-layout-flex wp-container-core-group-is-layout-1 wp-block-group-is-layout-flex\">\n<figure class=\"wp-block-image size-medium is-resized is-style-default\"><img loading=\"lazy\" decoding=\"async\" src=\"https:\/\/mtqtecnologia.com.br\/wp-content\/uploads\/2022\/11\/Unipar2-300x225.png\" alt=\"\" class=\"wp-image-220\" width=\"150\" height=\"113\" srcset=\"https:\/\/mtqtecnologia.com.br\/wp-content\/uploads\/2022\/11\/Unipar2-300x225.png 300w, https:\/\/mtqtecnologia.com.br\/wp-content\/uploads\/2022\/11\/Unipar2-1024x768.png 1024w, https:\/\/mtqtecnologia.com.br\/wp-content\/uploads\/2022\/11\/Unipar2-768x576.png 768w, https:\/\/mtqtecnologia.com.br\/wp-content\/uploads\/2022\/11\/Unipar2.png 1200w\" sizes=\"auto, (max-width: 150px) 100vw, 150px\" \/><\/figure>\n\n\n\n<figure class=\"wp-block-image size-medium is-resized\"><img loading=\"lazy\" decoding=\"async\" src=\"https:\/\/mtqtecnologia.com.br\/wp-content\/uploads\/2022\/11\/transpetro-logo-0-300x300.png\" alt=\"\" class=\"wp-image-144\" width=\"150\" height=\"150\" srcset=\"https:\/\/mtqtecnologia.com.br\/wp-content\/uploads\/2022\/11\/transpetro-logo-0-300x300.png 300w, https:\/\/mtqtecnologia.com.br\/wp-content\/uploads\/2022\/11\/transpetro-logo-0-1024x1024.png 1024w, https:\/\/mtqtecnologia.com.br\/wp-content\/uploads\/2022\/11\/transpetro-logo-0-150x150.png 150w, https:\/\/mtqtecnologia.com.br\/wp-content\/uploads\/2022\/11\/transpetro-logo-0-768x768.png 768w, https:\/\/mtqtecnologia.com.br\/wp-content\/uploads\/2022\/11\/transpetro-logo-0-1536x1536.png 1536w, https:\/\/mtqtecnologia.com.br\/wp-content\/uploads\/2022\/11\/transpetro-logo-0-2048x2048.png 2048w\" sizes=\"auto, (max-width: 150px) 100vw, 150px\" \/><\/figure>\n\n\n\n<figure class=\"wp-block-image size-medium is-resized\"><img loading=\"lazy\" decoding=\"async\" src=\"https:\/\/mtqtecnologia.com.br\/wp-content\/uploads\/2022\/11\/logo-braskem-1536-300x300.png\" alt=\"\" class=\"wp-image-142\" width=\"150\" height=\"150\" srcset=\"https:\/\/mtqtecnologia.com.br\/wp-content\/uploads\/2022\/11\/logo-braskem-1536-300x300.png 300w, https:\/\/mtqtecnologia.com.br\/wp-content\/uploads\/2022\/11\/logo-braskem-1536-1024x1024.png 1024w, https:\/\/mtqtecnologia.com.br\/wp-content\/uploads\/2022\/11\/logo-braskem-1536-150x150.png 150w, https:\/\/mtqtecnologia.com.br\/wp-content\/uploads\/2022\/11\/logo-braskem-1536-768x768.png 768w, https:\/\/mtqtecnologia.com.br\/wp-content\/uploads\/2022\/11\/logo-braskem-1536.png 1536w\" sizes=\"auto, (max-width: 150px) 100vw, 150px\" \/><\/figure>\n\n\n\n<figure class=\"wp-block-image size-medium is-resized\"><img loading=\"lazy\" decoding=\"async\" src=\"https:\/\/mtqtecnologia.com.br\/wp-content\/uploads\/2022\/11\/abb-logo-0-300x300.png\" alt=\"\" class=\"wp-image-145\" width=\"150\" height=\"150\" srcset=\"https:\/\/mtqtecnologia.com.br\/wp-content\/uploads\/2022\/11\/abb-logo-0-300x300.png 300w, https:\/\/mtqtecnologia.com.br\/wp-content\/uploads\/2022\/11\/abb-logo-0-1024x1024.png 1024w, https:\/\/mtqtecnologia.com.br\/wp-content\/uploads\/2022\/11\/abb-logo-0-150x150.png 150w, https:\/\/mtqtecnologia.com.br\/wp-content\/uploads\/2022\/11\/abb-logo-0-768x768.png 768w, https:\/\/mtqtecnologia.com.br\/wp-content\/uploads\/2022\/11\/abb-logo-0-1536x1536.png 1536w, https:\/\/mtqtecnologia.com.br\/wp-content\/uploads\/2022\/11\/abb-logo-0-2048x2048.png 2048w\" sizes=\"auto, (max-width: 150px) 100vw, 150px\" \/><\/figure>\n<\/div>\n\n\n\n<div class=\"wp-block-group is-nowrap is-layout-flex wp-container-core-group-is-layout-2 wp-block-group-is-layout-flex\">\n<figure class=\"wp-block-image size-full is-resized\"><img loading=\"lazy\" decoding=\"async\" src=\"https:\/\/mtqtecnologia.com.br\/wp-content\/uploads\/2022\/11\/cetco.png\" alt=\"\" class=\"wp-image-149\" width=\"149\" height=\"59\"\/><\/figure>\n\n\n\n<figure class=\"wp-block-image size-medium is-resized\"><img loading=\"lazy\" decoding=\"async\" src=\"https:\/\/mtqtecnologia.com.br\/wp-content\/uploads\/2022\/11\/EcolabLogo-1-300x109.png\" alt=\"\" class=\"wp-image-222\" width=\"150\" height=\"55\" srcset=\"https:\/\/mtqtecnologia.com.br\/wp-content\/uploads\/2022\/11\/EcolabLogo-1-300x109.png 300w, https:\/\/mtqtecnologia.com.br\/wp-content\/uploads\/2022\/11\/EcolabLogo-1-1024x372.png 1024w, https:\/\/mtqtecnologia.com.br\/wp-content\/uploads\/2022\/11\/EcolabLogo-1-768x279.png 768w, https:\/\/mtqtecnologia.com.br\/wp-content\/uploads\/2022\/11\/EcolabLogo-1-1536x558.png 1536w, https:\/\/mtqtecnologia.com.br\/wp-content\/uploads\/2022\/11\/EcolabLogo-1.png 1801w\" sizes=\"auto, (max-width: 150px) 100vw, 150px\" \/><\/figure>\n\n\n\n<figure class=\"wp-block-image size-full is-resized\"><img loading=\"lazy\" decoding=\"async\" src=\"https:\/\/mtqtecnologia.com.br\/wp-content\/uploads\/2022\/11\/cetesb.png\" alt=\"\" class=\"wp-image-148\" width=\"184\" height=\"138\" srcset=\"https:\/\/mtqtecnologia.com.br\/wp-content\/uploads\/2022\/11\/cetesb.png 736w, https:\/\/mtqtecnologia.com.br\/wp-content\/uploads\/2022\/11\/cetesb-300x225.png 300w\" sizes=\"auto, (max-width: 184px) 100vw, 184px\" \/><\/figure>\n\n\n\n<figure class=\"wp-block-image size-full is-resized\"><img loading=\"lazy\" decoding=\"async\" src=\"https:\/\/mtqtecnologia.com.br\/wp-content\/uploads\/2023\/01\/quality-1.png\" alt=\"\" class=\"wp-image-981\" width=\"75\" height=\"54\"\/><\/figure>\n<\/div>\n\n\n\n<div class=\"wp-block-group is-nowrap is-layout-flex wp-container-core-group-is-layout-3 wp-block-group-is-layout-flex\">\n<figure class=\"wp-block-image size-thumbnail is-resized\"><img loading=\"lazy\" decoding=\"async\" src=\"https:\/\/mtqtecnologia.com.br\/wp-content\/uploads\/2022\/11\/inbra-150x150.png\" alt=\"\" class=\"wp-image-212\" width=\"75\" height=\"75\"\/><\/figure>\n\n\n\n<figure class=\"wp-block-image size-medium is-resized\"><img loading=\"lazy\" decoding=\"async\" src=\"https:\/\/mtqtecnologia.com.br\/wp-content\/uploads\/2023\/05\/unigel-300x96.png\" alt=\"\" class=\"wp-image-1037\" width=\"150\" height=\"48\" srcset=\"https:\/\/mtqtecnologia.com.br\/wp-content\/uploads\/2023\/05\/unigel-300x96.png 300w, https:\/\/mtqtecnologia.com.br\/wp-content\/uploads\/2023\/05\/unigel.png 402w\" sizes=\"auto, (max-width: 150px) 100vw, 150px\" \/><\/figure>\n<\/div>\n\n\n\n<p class=\"has-inter-font-family\"><strong>Manuten\u00e7\u00e3o Preventiva <\/strong><\/p>\n\n\n\n<p>A manuten\u00e7\u00e3o preventiva \u00e9 recomendada a qualquer equipamento onde se espera melhor desempenho e redu\u00e7\u00e3o de acidentes, como menor custo tanto em pe\u00e7as de reposi\u00e7\u00e3o, como nas horas paradas. por exemplo, um falha ou desajuste de uma engrenagem de um equipamento qualquer, pode gerar acidentes graves e resultar em parada da linha de produ\u00e7\u00e3o.<br>As vantagens relacionadas \u00e0 manuten\u00e7\u00e3o preventiva est\u00e3o intimamente ligadas ao fato de redu\u00e7\u00e3o de horas paradas ao equipamento e a previs\u00e3o para substitui\u00e7\u00e3o de componentes, bem como a verifica\u00e7\u00e3o de aferi\u00e7\u00e3o e do estado geral do mesmo.<br>A MTQ realiza manuten\u00e7\u00f5es preventivas com qualidade, reduzindo ao m\u00ednimo o hist\u00f3rico de quebra do equipamento. <\/p>\n\n\n\n<p class=\"has-inter-font-family\"><strong>Manuten\u00e7\u00e3o Corretiva<\/strong><\/p>\n\n\n\n<p>A MTQ est\u00e1 pronta para atender a necessidade dos clientes que optam por realizar o conserto dos equipamentos j\u00e1 danificados. <br>Para isso conta com uma equipe t\u00e9cnica qualificada e com larga experi\u00eancia no ramo. <br>Nos destacamos por n\u00e3o realizar substitui\u00e7\u00e3o ou troca de placas eletr\u00f4nicas,  possuindo um setor de reparo especializado em eletr\u00f4nica anal\u00edtica, que garante a restaura\u00e7\u00e3o das placas originais do equipamento. Desta forma o custo de manuten\u00e7\u00e3o se torna bem menor para nossos clientes. <br>Clique para ver com detalhe os equipamentos do nosso portfolio de <a href=\"https:\/\/mtqtecnologia.com.br\/index.php\/instrumentacao-analitica-4\/\" title=\"Instrumenta\u00e7\u00e3o Anal\u00edtica\">&#8220;instrumenta\u00e7\u00e3o anal\u00edtica&#8221;<\/a> e <a href=\"https:\/\/mtqtecnologia.com.br\/index.php\/laboratorios-industriais-2\/\" title=\"Laborat\u00f3rios Industriais\">laborat\u00f3rios industriais. <\/a><\/p>\n\n\n\n<p class=\"has-inter-font-family\"><strong>Engenharia e Desenvolvimento<\/strong><\/p>\n\n\n\n<p>Com a experi\u00eancia e conhecimento no ramo de instrumenta\u00e7\u00e3o anal\u00edtica, a MTQ possui um setor de engenharia e desenvolvimento de projetos e equipamentos cient\u00edficos industriais. Uma linha de produtos exclusiva para atender a necessidade dos clientes. <a href=\"https:\/\/mtqtecnologia.com.br\/index.php\/engenharia-e-desenvolvimento\/\" title=\"Engenharia e Desenvolvimento\">Clique<\/a> para conhecer o cat\u00e1logo de produtos.<\/p>\n\n\n\n<p> <\/p>\n\n\n\n<p class=\"has-inter-font-family has-large-font-size\"><strong>Pol\u00edtica da Qualidade<\/strong><\/p>\n\n\n\n<p>N\u00f3s da MTQ Laborat\u00f3rios Industriais e Instrumenta\u00e7\u00e3o Anal\u00edtica LTDA. Temos como diferencial a melhoria cont\u00ednua do nosso Sistema da Qualidade, visando:<br><\/p>\n\n\n\n<ul class=\"wp-block-list\">\n<li>Comprometimento, Responsabilidade e Respeito com os Clientes.<\/li>\n\n\n\n<li>Cuidado e aperfei\u00e7oamento constate de nossos servi\u00e7os.<\/li>\n\n\n\n<li>Est\u00edmulo e capacita\u00e7\u00e3o do nosso pessoal em todos.<\/li>\n\n\n\n<li>Aperfei\u00e7oamento do nosso processo operacional, dos fornecedores aos clientes.<\/li>\n\n\n\n<li> Otimiza\u00e7\u00e3o do tempo para atender, surpreender e superar as expectativas de nossos clientes.<\/li>\n\n\n\n<li>Garantia dos servi\u00e7os prestados, atrav\u00e9s de uma gest\u00e3o respons\u00e1vel da qualidade.<\/li>\n<\/ul>\n\n\n\n<div class=\"wp-block-cover is-light\" style=\"min-height:212px;aspect-ratio:unset;\"><span aria-hidden=\"true\" class=\"wp-block-cover__background has-background-dim\"><\/span><img loading=\"lazy\" decoding=\"async\" width=\"1024\" height=\"683\" class=\"wp-block-cover__image-background wp-image-247\" alt=\"\" src=\"https:\/\/mtqtecnologia.com.br\/wp-content\/uploads\/2022\/11\/desafios-1024x683.jpg\" data-object-fit=\"cover\" srcset=\"https:\/\/mtqtecnologia.com.br\/wp-content\/uploads\/2022\/11\/desafios-1024x683.jpg 1024w, https:\/\/mtqtecnologia.com.br\/wp-content\/uploads\/2022\/11\/desafios-300x200.jpg 300w, https:\/\/mtqtecnologia.com.br\/wp-content\/uploads\/2022\/11\/desafios-768x512.jpg 768w, https:\/\/mtqtecnologia.com.br\/wp-content\/uploads\/2022\/11\/desafios.jpg 1200w\" sizes=\"auto, (max-width: 1024px) 100vw, 1024px\" \/><div class=\"wp-block-cover__inner-container is-layout-flow wp-block-cover-is-layout-flow\">\n<p class=\"has-text-align-center has-base-color has-text-color has-link-color has-inter-font-family has-large-font-size wp-elements-b40490821e3835be8152f58d7ca5852c\" style=\"font-style:normal;font-weight:700\"><a href=\"https:\/\/mtqtecnologia.com.br\/index.php\/fale-conosco\/\" title=\"Fale Conosco\">Clique aqui<\/a> para entrar em contato com nossa equipe t\u00e9cnica! <\/p>\n<\/div><\/div>\n","protected":false},"excerpt":{"rendered":"<p>A empresa MTQ Laborat\u00f3rios Industriais e Instrumenta\u00e7\u00e3o Anal\u00edtica Ltda. possui 25 anos de atua\u00e7\u00e3o no mercado, sendo refer\u00eancia no ramo da instrumenta\u00e7\u00e3o anal\u00edtica e na manuten\u00e7\u00e3o preventiva e corretiva de equipamentos laboratoriais industriais. \u00c1rea de Atua\u00e7\u00e3o Presta\u00e7\u00e3o de Servi\u00e7os Possu\u00edmos uma ampla gama de servi\u00e7os em nosso portf\u00f3lio e oferecemos ainda a possibilidade de formaliza\u00e7\u00e3o [&hellip;]<\/p>\n","protected":false},"author":1,"featured_media":0,"parent":0,"menu_order":0,"comment_status":"closed","ping_status":"open","template":"","meta":{"om_disable_all_campaigns":false,"_mi_skip_tracking":false,"footnotes":""},"class_list":["post-2","page","type-page","status-publish","hentry"],"aioseo_notices":[],"_links":{"self":[{"href":"https:\/\/mtqtecnologia.com.br\/index.php\/wp-json\/wp\/v2\/pages\/2","targetHints":{"allow":["GET"]}}],"collection":[{"href":"https:\/\/mtqtecnologia.com.br\/index.php\/wp-json\/wp\/v2\/pages"}],"about":[{"href":"https:\/\/mtqtecnologia.com.br\/index.php\/wp-json\/wp\/v2\/types\/page"}],"author":[{"embeddable":true,"href":"https:\/\/mtqtecnologia.com.br\/index.php\/wp-json\/wp\/v2\/users\/1"}],"replies":[{"embeddable":true,"href":"https:\/\/mtqtecnologia.com.br\/index.php\/wp-json\/wp\/v2\/comments?post=2"}],"version-history":[{"count":18,"href":"https:\/\/mtqtecnologia.com.br\/index.php\/wp-json\/wp\/v2\/pages\/2\/revisions"}],"predecessor-version":[{"id":1038,"href":"https:\/\/mtqtecnologia.com.br\/index.php\/wp-json\/wp\/v2\/pages\/2\/revisions\/1038"}],"wp:attachment":[{"href":"https:\/\/mtqtecnologia.com.br\/index.php\/wp-json\/wp\/v2\/media?parent=2"}],"curies":[{"name":"wp","href":"https:\/\/api.w.org\/{rel}","templated":true}]}}