{"id":1059,"date":"2023-06-05T12:46:49","date_gmt":"2023-06-05T12:46:49","guid":{"rendered":"https:\/\/mtqtecnologia.com.br\/?page_id=1059"},"modified":"2023-06-05T12:46:50","modified_gmt":"2023-06-05T12:46:50","slug":"desumidificadores","status":"publish","type":"page","link":"https:\/\/mtqtecnologia.com.br\/index.php\/desumidificadores\/","title":{"rendered":"Desumidificadores"},"content":{"rendered":"\n<p>Manuten\u00e7\u00e3o em desumidificadores \/ condensadores eletr\u00f4nicos de \u00e1gua, para processos e an\u00e1lises com g\u00e1s:<br><\/p>\n\n\n\n<ul class=\"wp-block-list\">\n<li>BEI (Baldwin Evironmental, Inc.)<\/li>\n<\/ul>\n\n\n\n<div class=\"wp-block-group is-nowrap is-layout-flex wp-container-core-group-is-layout-1 wp-block-group-is-layout-flex\">\n<figure class=\"wp-block-image size-large is-resized\"><img loading=\"lazy\" decoding=\"async\" src=\"https:\/\/mtqtecnologia.com.br\/wp-content\/uploads\/2023\/06\/desumidi2-768x1024.png\" alt=\"\" class=\"wp-image-1061\" width=\"192\" height=\"256\" srcset=\"https:\/\/mtqtecnologia.com.br\/wp-content\/uploads\/2023\/06\/desumidi2-768x1024.png 768w, https:\/\/mtqtecnologia.com.br\/wp-content\/uploads\/2023\/06\/desumidi2-225x300.png 225w, https:\/\/mtqtecnologia.com.br\/wp-content\/uploads\/2023\/06\/desumidi2.png 960w\" sizes=\"auto, (max-width: 192px) 100vw, 192px\" \/><\/figure>\n\n\n\n<figure class=\"wp-block-image size-large is-resized\"><img loading=\"lazy\" decoding=\"async\" src=\"https:\/\/mtqtecnologia.com.br\/wp-content\/uploads\/2023\/06\/desumid4-768x1024.png\" alt=\"\" class=\"wp-image-1063\" width=\"192\" height=\"256\" srcset=\"https:\/\/mtqtecnologia.com.br\/wp-content\/uploads\/2023\/06\/desumid4-768x1024.png 768w, https:\/\/mtqtecnologia.com.br\/wp-content\/uploads\/2023\/06\/desumid4-225x300.png 225w, https:\/\/mtqtecnologia.com.br\/wp-content\/uploads\/2023\/06\/desumid4.png 960w\" sizes=\"auto, (max-width: 192px) 100vw, 192px\" \/><\/figure>\n<\/div>\n\n\n\n<div style=\"height:40px\" aria-hidden=\"true\" class=\"wp-block-spacer\"><\/div>\n\n\n\n<div class=\"wp-block-cover is-light\" style=\"min-height:212px;aspect-ratio:unset;\"><span aria-hidden=\"true\" class=\"wp-block-cover__background has-background-dim\"><\/span><img loading=\"lazy\" decoding=\"async\" width=\"1024\" height=\"683\" class=\"wp-block-cover__image-background wp-image-247\" alt=\"\" src=\"https:\/\/mtqtecnologia.com.br\/wp-content\/uploads\/2022\/11\/desafios-1024x683.jpg\" data-object-fit=\"cover\" srcset=\"https:\/\/mtqtecnologia.com.br\/wp-content\/uploads\/2022\/11\/desafios-1024x683.jpg 1024w, https:\/\/mtqtecnologia.com.br\/wp-content\/uploads\/2022\/11\/desafios-300x200.jpg 300w, https:\/\/mtqtecnologia.com.br\/wp-content\/uploads\/2022\/11\/desafios-768x512.jpg 768w, https:\/\/mtqtecnologia.com.br\/wp-content\/uploads\/2022\/11\/desafios.jpg 1200w\" sizes=\"auto, (max-width: 1024px) 100vw, 1024px\" \/><div class=\"wp-block-cover__inner-container is-layout-flow wp-block-cover-is-layout-flow\">\n<p class=\"has-text-align-center has-base-color has-text-color has-link-color has-inter-font-family has-large-font-size wp-elements-b40490821e3835be8152f58d7ca5852c\" style=\"font-style:normal;font-weight:700\"><a href=\"https:\/\/mtqtecnologia.com.br\/index.php\/fale-conosco\/\" title=\"Fale Conosco\">Clique aqui<\/a> para entrar em contato com nossa equipe t\u00e9cnica! <\/p>\n<\/div><\/div>\n","protected":false},"excerpt":{"rendered":"<p>Manuten\u00e7\u00e3o em desumidificadores \/ condensadores eletr\u00f4nicos de \u00e1gua, para processos e an\u00e1lises com g\u00e1s:<\/p>\n","protected":false},"author":1,"featured_media":0,"parent":0,"menu_order":0,"comment_status":"closed","ping_status":"closed","template":"","meta":{"om_disable_all_campaigns":false,"_mi_skip_tracking":false,"footnotes":""},"class_list":["post-1059","page","type-page","status-publish","hentry"],"aioseo_notices":[],"_links":{"self":[{"href":"https:\/\/mtqtecnologia.com.br\/index.php\/wp-json\/wp\/v2\/pages\/1059","targetHints":{"allow":["GET"]}}],"collection":[{"href":"https:\/\/mtqtecnologia.com.br\/index.php\/wp-json\/wp\/v2\/pages"}],"about":[{"href":"https:\/\/mtqtecnologia.com.br\/index.php\/wp-json\/wp\/v2\/types\/page"}],"author":[{"embeddable":true,"href":"https:\/\/mtqtecnologia.com.br\/index.php\/wp-json\/wp\/v2\/users\/1"}],"replies":[{"embeddable":true,"href":"https:\/\/mtqtecnologia.com.br\/index.php\/wp-json\/wp\/v2\/comments?post=1059"}],"version-history":[{"count":1,"href":"https:\/\/mtqtecnologia.com.br\/index.php\/wp-json\/wp\/v2\/pages\/1059\/revisions"}],"predecessor-version":[{"id":1064,"href":"https:\/\/mtqtecnologia.com.br\/index.php\/wp-json\/wp\/v2\/pages\/1059\/revisions\/1064"}],"wp:attachment":[{"href":"https:\/\/mtqtecnologia.com.br\/index.php\/wp-json\/wp\/v2\/media?parent=1059"}],"curies":[{"name":"wp","href":"https:\/\/api.w.org\/{rel}","templated":true}]}}